53
Let m(z) = -z**2 + 30*z + 70. What are the prime factors of m(28)?
2, 3, 7
Suppose 2*r + 4*t = 8, -3*t = 4*r + 1 - 7. Let k = 0 + -2. What are the prime factors of (0 - r) + 8 + k?
2, 3
Suppose -h + 10 = -16. List the prime factors of h.
2, 13
What are the prime factors of (-372)/(-36)*(126/2)/3?
7, 31
Suppose 2*q - 32 = -4*t, 5*t - 5*q = -10 + 65. Let w be 0*(-2 + t/6). Suppose -b + 4 + 8 = w. What are the prime factors of b?
2, 3
Let d = -1 - -6. Suppose -4*r - 39 = -d*i, -3*r - 4 = -16. Let z = 19 - i. What are the prime factors of z?
2
Let c be (2/(-3))/((-16)/(-24)). List the prime factors of 11 - (-1 - -2)/c.
2, 3
Let t(o) = -o**2 - 3*o. Let l be t(-4). What are the prime factors of l/((-12)/(-3)) + 31?
2, 3, 5
Suppose k = -3*k. Let t(s) = -2*s**2 + s + 13. List the prime factors of t(k).
13
Let p(o) = 15*o + 38. What are the prime factors of p(8)?
2, 79
Let y(q) = q**3 - 2*q**2 - q + 2. Let x be y(-3). Let c = -17 - x. What are the prime factors of c?
23
Let t = 3 - -1. Suppose 3*q = -t*z - 53, z = -q - 7 - 9. Let u = 18 + q. List the prime factors of u.
7
Let m = 20 + -16. List the prime factors of m.
2
Suppose 34 = 4*c - k + 3, 0 = 4*c + 4*k - 16. Let g = c + 13. What are the prime factors of g?
2, 5
Suppose 0 = 3*j + 6 + 3, -3*w + 5*j = -231. List the prime factors of w.
2, 3
Let q be 4/8*-2 + -1. Suppose -4*a = a - 65. What are the prime factors of a - (1 - (q - 0))?
2, 5
List the prime factors of 440/22 + (-1)/1.
19
Let u(p) = 2*p**2 - 4*p + 4. Let a be u(3). Let i = a + 26. What are the prime factors of i/15*(-5)/(-1)?
2, 3
Suppose y = -6 + 5. Let q = y + 17. List the prime factors of q.
2
Suppose 0 = -2*t - 0*t + 14. Let x = t + 2. List the prime factors of x.
3
Suppose -5*w + 1 + 34 = 5*h, 0 = -h + 3*w + 3. Suppose 5*r = -3*f + 30, r - h*r + f = -30. Let a(p) = -p**2 + 9*p - 6. What are the prime factors of a(r)?
2, 3
Let l(m) = -3*m**3 - m**2 - 5*m - 3. Let b be l(-3). Let c = b - 47. List the prime factors of c.
37
Let b = -8 + 54. What are the prime factors of b?
2, 23
Let c(q) = 12*q - 4*q**2 - 3 + 0 - 5*q**2 + 2*q**3 - q**3. List the prime factors of c(8).
29
Let s(o) = -o**2 + 7*o - 7. Let p be s(8). Let q = -4 - p. What are the prime factors of q?
11
Let b(j) = 4*j**3 + j**2. Let o be b(1). Suppose 180 = -x + o*x. Suppose -3 = -2*q - f, 5*f = 3*q + 2*q - x. What are the prime factors of q?
2
Suppose n = -3*g + 4*g, -5*g + 5 = -4*n. Suppose 53 = d - 2*f - n, -5*d - 4*f + 262 = 0. Suppose -5*t + d = -6. What are the prime factors of t?
2, 3
Let v = -12 - -26. What are the prime factors of 318/v + 8/28?
23
Let f = 28 + 13. List the prime factors of f.
41
Suppose 0 = 2*d - 4*d + 106. List the prime factors of d.
53
Let a = -8 + 6. List the prime factors of (3 + a)/((-4)/(-124)).
31
Let n(o) = -10*o + 5. Let u(j) = -11*j + 6. Let y(i) = -3*n(i) + 2*u(i). What are the prime factors of y(4)?
29
Suppose 3*r - 88 = r. Let h = -25 + r. List the prime factors of h.
19
Let u = 8 - 8. Let o(c) = c**2 + 14. List the prime factors of o(u).
2, 7
Suppose 0 = -5*d - 5*x, 0 - 4 = 2*x. Let l(b) = b**3 - b**2 + 3*b - 2. Let y be l(d). Suppose -2*u = -4 - y. What are the prime factors of u?
2, 3
Suppose 59 = n + 8. List the prime factors of n.
3, 17
Let o = -76 - -118. Suppose -4*m = -2*q - o, -2*m = -6*m + 5*q + 45. What are the prime factors of m?
2, 5
Let w = 91 - -124. List the prime factors of w.
5, 43
Let i = 8 - 1. Let l(j) = j - 6*j**2 + j + j**3 - 2 + 0*j**3 - 7*j. List the prime factors of l(i).
2, 3
Suppose 14 = -l - 5*i, -l + 1 = 3*i + 9. Let t be (-1)/(-1) + 2*l. Suppose 3*d - d - 38 = -3*a, -a = -t*d - 20. List the prime factors of a.
2, 7
Suppose -c + 2 = -2. Let x = 14 - 2. Suppose -c*v + x = -2*v. What are the prime factors of v?
2, 3
Let y be ((-19)/(-3))/((-3)/(-9)). Suppose 5*w = -y + 89. List the prime factors of (-3 - -6)/(3/w).
2, 7
Let c = -10 - -4. Let f = 14 + c. List the prime factors of (10/8)/(2/f).
5
Let d be 3*1*6/9. Suppose 0*c - 3 = n + 3*c, -6 = -2*n - d*c. What are the prime factors of n?
2, 3
Suppose -8*w - 124 = -10*w. List the prime factors of w.
2, 31
What are the prime factors of ((-2)/(-3))/(14/(-63)) - -62?
59
Suppose -v = -m - m - 38, -4*v + 144 = -4*m. What are the prime factors of v?
2, 17
Let j(o) be the first derivative of o**3/3 - 4*o + 2. Let s be j(0). List the prime factors of -6*(-5)/((-30)/s).
2
Let r(n) = n - 15. Let c be r(15). Suppose c = -4*a + a + 15. What are the prime factors of a?
5
Let h(v) = -4*v**2 + v. Let s(q) = 5*q**2 - q. Let x(c) = 4*h(c) + 5*s(c). Let g(d) = -d**3 - 8*d**2 + 1. Let r be g(-8). What are the prime factors of x(r)?
2
List the prime factors of 1/4 + 7614/72.
2, 53
Let q = 3 + -2. Let x = 19 + -21. List the prime factors of (1/x)/(q/(-24)).
2, 3
Suppose 11 = u - 9. What are the prime factors of u?
2, 5
Let s = 23 - 179. What are the prime factors of 2/3 + s/(-9)?
2, 3
Let g(a) = a**2 - 2*a + 12. List the prime factors of g(-9).
3, 37
Let k(y) = 5*y + y**3 + y**3 - 3*y**3 + 2*y**3 + 7 - 6*y**2. What are the prime factors of k(5)?
7
Let o(c) = -c**2 + 10*c - 12. Let y be o(10). What are the prime factors of 10*2*y/(-40)?
2, 3
Suppose 2*n = 4*r + 10, -n - 8*r - 13 = -4*r. List the prime factors of n/((-18)/(-20) + -1).
2, 5
Suppose -7*r + 397 = -226. What are the prime factors of r?
89
Let k be (40/(-6))/((-2)/3). Suppose -2*y + 8 = -k. List the prime factors of y.
3
Let c = 33 + 21. What are the prime factors of c?
2, 3
Let y be (0 - 12/(-9))*3. Suppose -y*k + 42 = -14. What are the prime factors of k?
2, 7
Let l(p) = -9*p - 7. What are the prime factors of l(-4)?
29
Let g(v) = v**3 + 2*v**2 - 3*v + 2. Let o be g(-3). Let r(u) = -u**3 - 3*u**2 + 2. Let y be r(o). Let j = -13 - y. What are the prime factors of j?
5
Let g = -28 - -75. Suppose 43 = 5*a - g. What are the prime factors of a?
2, 3
Let d = 8 - 4. Suppose n = 4*c - 35, -3*c = -d*n - 2 - 8. Suppose 4*h + g - c = 0, g + 3 = 4*h - 3. List the prime factors of h.
2
Let g be 1*-3*2/6. Let r(m) = -m + 7. Let u(x) = -1. Let f(h) = g*r(h) - 5*u(h). What are the prime factors of f(8)?
2, 3
Suppose 2*u + 50 = 3*c, c = 3*c + 2*u - 30. Let b = c + -14. List the prime factors of b.
2
List the prime factors of (-82)/(-12) + (-1)/(-6).
7
Let g(f) = 4*f**3 + 2*f**2 - 5. What are the prime factors of g(3)?
11
Let q(s) = -8*s**2 + s**3 + 3*s + 4 - 3*s. Let g be q(8). Let t = 2 + g. List the prime factors of t.
2, 3
Suppose 0 = 5*s - 7 - 13. Suppose -s*b + 7*b - 5 = 5*m, -7 = -m - b. Suppose -m*q = -0*q - 16. List the prime factors of q.
2
Suppose -5 - 3 = -4*g. Suppose -2*t = g - 4. List the prime factors of (8/t)/(2/3).
2, 3
Let t be 3*(28/(-3) + 2). List the prime factors of t/(2 + -3) + -3.
19
Let x(a) = -5*a - 8. Let m(q) = -q - 1. Let n(s) = -4*m(s) + x(s). Let k be (-2)/(-4) + 42/(-4). List the prime factors of n(k).
2, 3
Suppose -3*t + 2*w - 18 = 0, w = 2*t - 7*t - 30. What are the prime factors of (t + 8)/(2/13)?
13
Let x be (2/4)/((-2)/(-44)). Suppose 2*t = x + 1. Let p = t - 4. What are the prime factors of p?
2
Let k = 73 - -110. List the prime factors of k.
3, 61
Let v(k) = 100*k - 7. List the prime factors of v(3).
293
Suppose 1 - 3 = 2*l. Let w(v) = 2*v**2 - 1. Let s be w(l). Suppose -j + 2*k + 8 = 0, j - 4 - s = 5*k. What are the prime factors of j?
2, 5
Let t be 1*(5 + -2*1). Suppose 44 = t*y - 2*y - 3*l, -176 = -4*y - 2*l. Suppose -4*k + 2*o = -y, 3*k - o - 13 = 18. List the prime factors of k.
3
Let s be 3 + 11/(-1) + 4. List the prime factors of 33 + (2 - -1) + s.
2
Let p = -11 + 14. List the prime factors of p.
3
Let u = 32 - 61. Let o = u + 48. What are the prime factors of o?
19
Let m be ((1*6)/(-3))/(-2). Let l = 9 + m. List the prime factors of l.
2, 5
Let g(j) = -3 + 2*j**3 + 3*j**2 - j**3 + 2 - 3*j - 3. List the prime factors of g(-3).
5
Suppose -5*y = 5*o + 260 - 15, y + 57 = -3*o. Let k = y + 81. Suppose 4*m - k = -0*m. What are the prime factors of m?
3
Let a be (8/(-20))/((-1)/30). Let g(i) be the second derivative of i**5/20 - i**4 + i**3/3 - 4*i**2 + i. List the prime factors of g(a).
2
Suppose 120 = -22*k + 25*k. What are the prime factors of k?
2, 5
Suppose 2*j - k = -2 + 40, 4*j - 80 = 4*k. What are the prime factors of j?
2, 3
Suppose 11*d - 175 = 6*d. List the prime factors of d.